the tens digit of (-4 - (-75)/18) + (-43809)/(-18)?
3
Suppose 5*n = -118 + 1718. What is the hundreds digit of n?
3
Let w be (-625)/50*2/(-5). Suppose -w*p + 10*p = 185. What is the units digit of p?
7
Let z(n) = -116*n - 280. What is the units digit of z(-18)?
8
Let m = -41 - -41. Suppose 3*i - 6*i + 198 = m. What is the units digit of i?
6
Let o be (121 + -3)*6/(-12). Let w = 94 + o. What is the tens digit of w?
3
What is the tens digit of 7106/(-33)*(-48)/4?
8
Let j = 26 + -14. Let w(a) = a**3 - 11*a**2 - 11*a - 9. Let r be w(j). Suppose -3*k = 15, r*q - 3*k + 17 = 4*q. What is the tens digit of q?
3
Let l be (-101*(-1)/4)/((-1)/(-4)). Let k = 29 + l. What is the hundreds digit of k?
1
Let g be 3/2 - 81/(-18). What is the units digit of 5/(-2)*(g + -42)?
0
Let h be (-2)/6*78/(-13). Let o = h + -7. What is the units digit of (-1 - 1)*o/2?
5
Let i(t) = -t**3 + 12*t**2 - 15*t - 11. Let l be i(11). Let a = 114 + l. What is the units digit of a?
9
Let m(l) = 0 - l**2 + 17*l + 9 + 18 + 1. Let i be m(12). Suppose i = 2*j - 2*c, 2 = c + 1. What is the tens digit of j?
4
Suppose -13 = -2*l + u, 5*u = l - 0*l - 2. Let p = 25 - l. What is the units digit of p?
8
Let i(x) = -3*x**2 + 14*x - 3. Let m be i(4). Suppose 0*n + n - m = 0. Suppose 0 = -n*o + o + 224. What is the tens digit of o?
5
Let s = 368 + -147. What is the units digit of s?
1
Let m = -37 - -43. Suppose m*k + 561 = 17*k. What is the units digit of k?
1
Let r(f) = 22*f - 14. Let i be r(9). Let l be i/(-10) - 2/(-5). Let x = 20 + l. What is the units digit of x?
2
Let r(a) = -a**2 - 4*a - 1. Let z be r(-3). Suppose -2*n - 39 = -6*n + p, -5*n - z*p = -65. What is the units digit of n?
1
Suppose -8*z = 13*z - 10563. What is the hundreds digit of z?
5
Suppose 0 = 4*x - 0*x - 212. Let v = x + 62. What is the tens digit of v?
1
Suppose -8*b = -9*b + 112. Suppose -4*k = -172 - b. What is the tens digit of k?
7
Let g be (47/(-2))/((-3)/24). Let u = 403 - g. Suppose -4*r + u = r. What is the units digit of r?
3
Suppose -14*p - 20*p + 47192 = 0. What is the hundreds digit of p?
3
Suppose -5*x + 3*i = 826, 0*i = -4*x + 5*i - 666. Let r = x - -250. What is the units digit of r?
6
Suppose -8280 = -2*d - 21*d. What is the tens digit of d?
6
Suppose 5154*o = 5158*o - 17340. What is the units digit of o?
5
Suppose 3*o - 6 = 0, o + 0*o - 23 = -v. Let n be 0 + (-2 + v - 0). What is the units digit of n - (-1)/(-2)*-2?
0
Let z = 55 - 35. Let p = 33 - z. What is the tens digit of p?
1
Let o(l) = -21*l + 16. Let m be o(-6). Suppose -7*s = -m - 719. What is the units digit of s?
3
Let o(z) = 8*z**2 + 4*z - 3. Let h = 4 + 0. Suppose -h*g - 12 = -10*g. What is the tens digit of o(g)?
3
Suppose 0 = 21*o - 17083 + 3433. What is the hundreds digit of o?
6
Let z(o) = 223*o**2 + 4*o - 3. What is the tens digit of z(2)?
9
Let j = -23 + 27. Suppose -j*l = -2*l - 6. What is the units digit of l?
3
Suppose 0 = 2*f - 7*f. Suppose 0 = -f*u + u - 65. Suppose -3*m + 70 + u = 0. What is the units digit of m?
5
Let m(v) = -11*v - 3. Let k be m(2). Let d = k + 26. What is the units digit of d?
1
Let p(s) = 3*s**2 + 9*s + 7. Let w(h) = -10*h**2 - 27*h - 20. Let j(l) = 7*p(l) + 2*w(l). Suppose 0*t = -t, -4*a - 32 = 2*t. What is the units digit of j(a)?
1
What is the hundreds digit of (-4)/(-20)*-15 - -392*2?
7
Let o(h) = -h. Let m be o(-2). Let g be (-1 - -47) + 0 - m. Let b = -24 + g. What is the tens digit of b?
2
Let c = 11 - 2. Let y(w) = -24 + 6 + 5*w + c. What is the units digit of y(4)?
1
What is the units digit of (-10)/(-50) - -466*(-52)/(-40)?
6
Suppose f = -0 + 3. Suppose 0 = -k + 5*b + 9, 2*b + 29 = f*k - 11. Let x = -9 + k. What is the units digit of x?
5
Let i = -38 + 37. Let g(h) = -20*h**3 - h**2 + h + 1. What is the units digit of g(i)?
9
Let m = 211 + -146. What is the units digit of m?
5
Suppose 0 = -j - 1, -j = -4*w - 0*j + 461. What is the tens digit of w?
1
Suppose 21*k - 64086 = -12*k. What is the units digit of k?
2
Suppose -37*g - 4*g + 9102 = 0. What is the hundreds digit of g?
2
Let q(c) = -c**3 + 5*c**2 + 5*c - 11. Let o be q(5). Let x(u) = 13 + 4 + 13*u**2 + 0*u**3 - u**3 + o*u + 3. What is the tens digit of x(14)?
2
Let y(i) = i**2 + 6*i - 6. Let j be y(-6). Let c(u) = -17*u - 11. What is the tens digit of c(j)?
9
Let p = -9 - -24. Suppose -2*j + x - 10 = -3*x, -p = -4*j + x. Let a = 16 + j. What is the units digit of a?
1
Let r = -61 + 504. What is the tens digit of r?
4
Suppose -2*b + 4242 = -158. What is the hundreds digit of b?
2
Let q be 3 - ((-3)/(-1) + 1*-9). Suppose o + 952 = q*o. What is the hundreds digit of o?
1
Suppose -7*b - 957 - 135 = 0. Let v = -48 - b. What is the hundreds digit of v?
1
Suppose 0 = -4*n + 3*b + 26, 0*b + b - 26 = -3*n. Let w be (1 + 0)/((-1)/(-3)). Suppose -4*l = -n*l + 2*o + 130, -w*l + o = -98. What is the units digit of l?
3
Suppose 462*n - 1130 = 461*n. What is the thousands digit of n?
1
Suppose -4*l + 84 = 96. What is the units digit of l/(-5) - 657/(-5)?
2
Let p(b) = 37*b - 20. What is the hundreds digit of p(5)?
1
Let v(f) = f**3 - 2*f**2 - 15*f - 13. What is the units digit of v(8)?
1
Suppose -k - m + 120 = 0, 0 = -10*m + 7*m - 9. What is the hundreds digit of k/(33/27 + (-2)/9)?
1
Let v = 13 + 12. Let y = 185 + v. What is the tens digit of y?
1
Let d = 49 + 902. What is the tens digit of d?
5
Let g be 8 + -3 - 0/(2/(-1)). Let s(v) = 2*v + 9. Let y be s(8). Suppose y + g = r. What is the units digit of r?
0
Let b(h) = -h + 11. Let t be b(8). Suppose -f + 59 = 5*z - 3*f, -2*f = -t*z + 37. What is the units digit of ((-99)/z)/(0 + -1)?
9
Let g(j) = 1500*j**3 + j**2 + 19*j - 18. What is the units digit of g(1)?
2
Suppose 0 = -2*y - 10, -3*y + 961 = 5*b - 5574. What is the thousands digit of b?
1
Let f = -4 + 8. Suppose -m = -f*x - 2, -x - 3*x = -2*m + 12. What is the tens digit of m?
1
Let k be 4/8*(-3 - -11). Let o(j) = 11 - j + k*j - 2*j. What is the units digit of o(-4)?
7
Let f = -789 + 974. What is the units digit of f?
5
Let g = -4 + 16. Let t(o) = o**2 + 5*o + 8. Let j be t(-6). Let s = j - g. What is the units digit of s?
2
Suppose 0 = -6*f + 8*f + 4*k + 12, -4*f = 4*k + 16. What is the units digit of -5 + 4 - -31 - (f - 0)?
2
Let a be (10 - 0) + (-3 - -2). Let c(s) = 2*s - 8. Let z be c(3). Let p = z + a. What is the units digit of p?
7
Let x(y) = 31*y**2 - 20*y - 41. What is the hundreds digit of x(-4)?
5
Let f(q) = 55*q + 6. Suppose -2*t - l = -4, -5*t + 8 = -t - 3*l. What is the tens digit of f(t)?
1
Let x(v) = v + 11. Let b be x(-23). What is the units digit of 2805/21 - b/(-21)?
3
Suppose -5*n - 29 = -3*g, 3*g = 2*g - n - 1. Let h(u) = -3*u - 23*u**3 + 4 - 3 + 26*u**g + 2*u**2. What is the tens digit of h(2)?
2
Let w be 63/(-14)*(-62)/3. Let r = -62 + w. Suppose -3*s + r = -26. What is the units digit of s?
9
Let y(m) = -444*m + 89. What is the hundreds digit of y(-4)?
8
Let d be 6/(-8) - (-93)/(-4). Let c = 9 - d. Let m = -24 + c. What is the units digit of m?
9
Suppose -3*r = -0*r. Suppose r = -2*v + 11*v - 639. What is the tens digit of v?
7
Suppose 4*r + v - 3573 = 0, -165*r + 5*v = -160*r - 4460. What is the units digit of r?
3
Let r(j) be the first derivative of -15*j**2/2 - 29*j - 16. What is the units digit of r(-7)?
6
Let u(d) = -d - d - 5*d + 5*d - 2. Let x be u(2). What is the tens digit of (3/x)/((-1)/22)?
1
Let s(t) = -2*t**2 + 8*t - 2. Let x be s(3). Suppose x*u - 7*u = -81. Suppose 0 = 3*z - 135 - u. What is the units digit of z?
4
Let q(j) = -2*j**2 + 2*j - 4. Let v be q(5). Let f = v + 100. Suppose -2*b + 80 = w, -w + f = -b - 3*b. What is the tens digit of w?
7
Suppose -4*z + 3 = -5*r, -5*z = 4*r - 3 - 11. Let l be 0 + (-2)/(-2 + r). Suppose q = -l*q + 75. What is the tens digit of q?
2
Let x(j) = -j**3 - 2*j**2 + j - 4. Let k(m) = -m**2 - 6*m - 3. Let a be k(-6). Let h be x(a). What is the units digit of h - 6/(6/(-3))?
5
Let y = 1 + 7. Let a = -1 + y. Let p = 12 - a. What is the units digit of p?
5
Let h = -65 - -74. Suppose -h*c + 2511 = -0*c. What is the tens digit of c?
7
Let r = 2 - -1. Suppose 0 = w - 5*a - 75, -5*w + 211 = a - 60. Suppose -86 - w = -r*u. What is the units digit of u?
7
Let f = 57 + -22. Let w be f/15 - 6/(-9). Let z(k) = k**2 + 2*k - 4. What is the units digit of z(w)?
1
Suppose -5*j - 706 = -191. Le